ighest common divisor of k and 88?
44
Suppose 0 = 9*m - 27 - 18. Suppose 0 = v - j - 18, 110 = m*v - 4*j + 22. Let u be (14 - 5)*v/12. What is the greatest common divisor of 3 and u?
3
Suppose -422 = -2*s - 398. Calculate the highest common factor of 104 and s.
4
Let y(h) = -952*h + 10485. Let v be y(11). Calculate the highest common divisor of v and 351.
13
Let g(k) = -k**3 - 7*k**2 + 82*k - 10. Suppose -u = -5*y + 34, 5*y - 50 = -18*u + 23*u. Let f be g(y). Calculate the highest common divisor of f and 35.
7
Suppose 0 = -3*p + 2*f + 50, 3*f = 3*p - 56 + 5. What is the highest common divisor of 78 and p?
2
Let h(k) = k**2 + 14*k + 107. Let d be h(-11). Let o be (110/(-33))/(4/(-222)). Calculate the highest common divisor of o and d.
37
Suppose 216*d + 418275 = 249*d. Calculate the highest common factor of 130 and d.
65
Suppose 0 = -31*l + 7826 + 1133. Let a = 344 - l. Calculate the highest common factor of 220 and a.
55
Suppose 10 = -5*v, 3*w = -4*v - v - 4. Let r = -2013 + 2016. Suppose w*g + 706 = 4*q, 3*q - 5*q + r*g = -355. What is the greatest common factor of 22 and q?
22
Let b = -7713 - -7759. What is the highest common factor of b and 2231?
23
Let w(b) = b**3 - 22*b**2 + 24*b - 44. Let p be w(21). Let t be (121828/18)/p - (-2)/(-9). What is the greatest common factor of t and 89?
89
Let c(z) be the first derivative of z**3/3 - 6*z**2 + 7*z - 34. Let i be c(13). Suppose -2*a + 2 = -18. What is the highest common divisor of a and i?
10
Let z = -3593 - -4627. What is the greatest common divisor of 752 and z?
94
Let i = 10 + -5. Let q = 163456 - 163331. What is the highest common factor of q and i?
5
Suppose -2*d + 7764 = 4*p, -p = -4*d - 5869 + 21361. Let v be ((-8)/3)/(11 - d/351). What is the greatest common factor of 8 and v?
8
Let z(b) = -190*b - 3850. Let f be z(-25). What is the greatest common divisor of f and 9?
9
Let g be ((-27)/(-108))/((12/(-112))/(-3)) + 17. What is the highest common divisor of 1356 and g?
12
Let g(l) = 3*l**2 - 4*l + 3. Let j be g(4). Let h be (-6)/(-33) - (-1118)/22. Suppose 46*m - h*m + 25 = 0. What is the highest common factor of j and m?
5
Let r = 70 + -72. Let l be (-54)/r*((-42)/9)/(-7). What is the highest common divisor of 18 and l?
18
Let l be 7135/25 + (-6)/15. Suppose 664 - 1804 = -10*p. What is the highest common factor of p and l?
57
Suppose 32 = 4*t - 4*b, -t - 7 = 4*b - 0*b. Suppose -t*g = 100 - 135. Let n be 439 - (-4 + g)/(-3). What is the highest common factor of n and 40?
40
Let q(g) = 31*g**2 + 484*g + 37. Let r be q(-18). What is the highest common divisor of r and 148?
37
Let k be 0 + 1 + 3/1. Suppose 5*l - 4*h - 128 = 0, -97 = -k*l + h + 4*h. Calculate the highest common factor of l and 98.
14
Let y(m) = -m**2 + 63*m - 120. Let x be y(30). Calculate the greatest common factor of 174 and x.
174
Let t be 1*41/3 - 76/114. Suppose 0 = 8*p + t - 21. Let z(l) = 2*l - 7. Let d be z(8). Calculate the highest common divisor of p and d.
1
Suppose -72*n + 104*n - 178363 = 196389. Calculate the greatest common factor of 98 and n.
49
Let j be 1 + 28/(-20) - 26/10. Let o be ((-5)/(10/j) + -1)*-8. Let q be (14*(o + 2))/((-4)/10). Calculate the greatest common divisor of q and 10.
10
Let s be (-30)/3 + (-9 - (-26736)/6). Calculate the highest common divisor of 51 and s.
51
Let j be 1 - 4 - 2 - -10. Suppose -72 = 2*m - j*m. What is the highest common divisor of 216 and m?
24
Suppose 2*w = 4*w - 10. Let k be -85*34*(13/(-2))/13. Suppose w*b = -4*n + n + k, n + 281 = b. What is the highest common factor of b and 26?
26
Let y(j) = -7*j**2 - 477*j - 308. Let l be y(-65). Calculate the greatest common factor of 5423 and l.
187
Suppose 23470 = 43*h - 28087. What is the greatest common divisor of h and 763?
109
Let l(o) = -6*o**3 - 12*o**2 - 39*o - 132. Let t be l(-6). Calculate the highest common divisor of t and 189.
21
Let d(f) be the first derivative of f**3/3 + f**2/2 + 7*f + 18. Let k be d(7). Let h = k - 55. Calculate the greatest common factor of 1 and h.
1
Suppose 2*j = 2*z + 27350, 4*j - 17*z = -18*z + 54690. Calculate the highest common factor of 113 and j.
113
Suppose 0 = -29*c - 0*c - 5*c + 408. Calculate the greatest common factor of c and 1398.
6
Let n(c) = 4 - 2*c**2 - 89*c - 40 - c**2 - 2*c**2 - 21. Let m be n(-17). What is the greatest common factor of m and 44?
11
Let p be -8 - (-10)/((-20)/(-214)). Let g(m) = 2*m - 2 - 2*m**3 + m**3 + 0*m - 4*m**2 - 4. Let x be g(-5). What is the greatest common factor of x and p?
9
Suppose 0 = 5*z + 3*v - 216, -4*z + 2*v = -z - 141. Suppose -14*d + 9*d + 5*u + 45 = 0, 5*d - z = 2*u. Calculate the greatest common factor of d and 1.
1
Let z be (645 + 3)/(63/147*14/16). What is the highest common factor of 112 and z?
16
Suppose 5*l = 5, 3 = -2*c + 5*l - 6. Let w = c - -8. Let o be (160/96)/((-6)/16*1760/(-792)). What is the greatest common factor of w and o?
2
Let l be (76/16 - 3)/(3/(-1080)*-5). What is the highest common divisor of 1440 and l?
18
Suppose 0*d - 39 = -2*r + 5*d, 0 = -3*r - 3*d + 27. Suppose 1002 = 5*p - 738. Calculate the highest common divisor of p and r.
12
Let l be (-15)/10*10/(-3). Suppose 0*z + 3*i - 18 = -2*z, -3*z = -l*i - 65. Let x = -301 + 421. Calculate the highest common divisor of z and x.
15
Suppose 8 = 4*f, -3*w + 2*f + 77 = -111. Calculate the highest common factor of w and 976.
16
Let r = -19378 - -19420. What is the greatest common factor of r and 78?
6
Suppose 40 = v - 32. Let t = 49 + -56. Let w(x) = x**3 + 8*x**2 + 7*x + 9. Let z be w(t). What is the greatest common factor of v and z?
9
Suppose -5*c - 4*b + 24 + 8 = 0, -3*c + 4*b = 0. Suppose -2*t = -4*h + 602, -31*t - 605 = -c*h - 26*t. Calculate the greatest common factor of h and 100.
50
Let s be 1*4/(-14) + (-510)/(-70). Suppose 4*o + 54 = s*o. What is the greatest common divisor of o and 90?
18
Let x = 50 + -55. Let p be x/((-50)/(-15)) - 42/(-4). Let g be (0 + (18*2)/1)*2. Calculate the greatest common divisor of g and p.
9
Let r(m) be the third derivative of m**5/60 - 19*m**4/24 + 13*m**3 - 5*m**2 + 31. Let a be r(21). Calculate the greatest common divisor of a and 75.
15
Suppose 1874 - 482 = 6*h. Suppose -2*x + 28 + h = 0. Calculate the greatest common divisor of 50 and x.
10
Suppose -83*s = -38*s - 315. What is the greatest common divisor of s and 11?
1
Let d(u) = -u**3 + 16*u**2 - 48*u - 9. Let s be d(5). What is the highest common factor of s and 5122?
26
Suppose 6*l + v = 59065, -9*v + 11*v + 9829 = l. What is the highest common factor of 102 and l?
51
Suppose -3*x - 219 = -0*x. Let w be -4*(5 - 210/(-20)). Let y = w - x. What is the highest common divisor of 11 and y?
11
Let f(x) = -13*x - 6. Let i be f(-4). Let r = -502153 + 502337. What is the greatest common divisor of r and i?
46
Suppose -13*r + 10*r + 2*a + 611 = 0, -4*r - 4*a = -788. Calculate the highest common divisor of 134 and r.
67
Let u(z) = -29*z - 77. Let n be u(-4). Suppose h = 4*t + 62, -n - 30 = -h - 3*t. What is the greatest common divisor of h and 22?
22
Suppose 4*x = 5*b + 10 - 46, 0 = b. Let i be 1/6*4 - 7617/x. Calculate the greatest common divisor of 77 and i.
77
Suppose 10*l = l + 72. Let g(v) = 3*v**3 - 17*v**2 + 5*v + 8. Let t be g(l). What is the greatest common factor of t and 62?
62
Suppose -21 = -n + 23. Suppose -y + 152 = n. What is the highest common factor of y and 144?
36
Let i be (((-348)/(-10))/3)/((-18)/(-65385)). What is the highest common factor of 29 and i?
29
Let w(f) = -13*f - 3. Let x be w(-1). Suppose -12*k = -x*k - 6. Suppose -15 - 18 = -k*c. What is the highest common divisor of c and 33?
11
Let j be (37/(-7) + 1)*(14 + (-448)/24). What is the greatest common factor of j and 1805?
5
Let w(r) = -2*r**2 + 218*r - 4720. Let b be w(30). Suppose 4*d = 5*m - 4*m + 149, -5*m = 4*d - 119. What is the greatest common divisor of d and b?
4
Let i be (8/(-3))/(14/(-21)). What is the highest common factor of i and 378?
2
Suppose -55105 + 232891 = 102*i. Calculate the highest common divisor of i and 42.
21
Suppose 8*r = -r + 49*r - 33800. Calculate the greatest common factor of 585 and r.
65
Let g = -80 + 132. Suppose 230*j + 37466 - 162188 = -303*j. What is the highest common factor of j and g?
26
Let n be (-150)/(-14) + (4 - (-26)/(-7)). Suppose 3*q - 36 - n = g, g - 65